{"id":412,"date":"2020-06-13T23:19:56","date_gmt":"2020-06-13T21:19:56","guid":{"rendered":"https:\/\/familietraeff.haas-strahm.ch\/?page_id=412"},"modified":"2020-12-30T23:10:08","modified_gmt":"2020-12-30T21:10:08","slug":"waldspielgruppe-sumiswald","status":"publish","type":"page","link":"https:\/\/familietraeff.haas-strahm.ch\/index.php\/portrait-spielgruppe\/portrait-spielgruppe-himugueegeli\/waldspielgruppe-sumiswald\/","title":{"rendered":"Waldspielgruppe Sumiswald"},"content":{"rendered":"\n<div class=\"wp-block-group\"><div class=\"wp-block-group__inner-container is-layout-flow wp-block-group-is-layout-flow\">\n<h2 class=\"wp-block-heading\"><\/h2>\n<\/div><\/div>\n\n\n\n<p><strong>Besammlung Turnhalle Sumiswald<\/strong><\/p>\n\n\n\n<p><strong>Morgens von 08.30 &#8211; 11.00 Uhr<\/strong><\/p>\n\n\n\n<p><strong>Nachmittags von 13.30 &#8211; 16.00 Uhr<\/strong><\/p>\n\n\n\n<p>Gemeinsam spazieren wir in ca. 20 Minuten zu unserem Waldspielgruppenplatz im Wylerh\u00f6lzli. Hier lassen wir unserer Kreativit\u00e4t freien Lauf und lassen uns \u00fcberraschen was wir neues im Wald entdecken. <\/p>\n\n\n\n<h3 class=\"wp-block-heading\"><span class=\"has-inline-color has-vivid-red-color\"><strong>Waldwoche 2020 \/ 2021<\/strong><\/span><\/h3>\n\n\n\n<div class=\"wp-block-columns is-layout-flex wp-container-core-columns-is-layout-28f84493 wp-block-columns-is-layout-flex\">\n<div class=\"wp-block-column is-layout-flow wp-block-column-is-layout-flow\">\n<ul class=\"wp-block-list\"><li>Montag, 19. Oktober 2020 <\/li><li>Montag, 23. November 2020<\/li><li>Montag, 18. Januar 2020<\/li><li>Montag, 22. Februar 2021<\/li><li>Montag, 22. M\u00e4rz 2021<\/li><li>Montag, 03. Mai 2021<\/li><li>Montag, 31. Mai 2021<\/li><\/ul>\n<\/div>\n\n\n\n<div class=\"wp-block-column is-layout-flow wp-block-column-is-layout-flow\">\n<ul class=\"wp-block-list\"><li>Freitag, 23. Oktober 2020<\/li><li>Freitag, 27. November 2020<\/li><li>Freitag, 22. Januar 2021<\/li><li>Freitag, 26. Februar 2021<\/li><li>Freitag, 26. M\u00e4rz 2021<\/li><li>Freitag, 07. Mai 2021<\/li><li>Freitag, 04. Juni 2021<\/li><\/ul>\n<\/div>\n<\/div>\n\n\n\n<p><\/p>\n","protected":false},"excerpt":{"rendered":"<p>Besammlung Turnhalle Sumiswald Morgens von 08.30 &#8211; 11.00 Uhr Nachmittags von 13.30 &#8211; 16.00 Uhr Gemeinsam spazieren wir in ca.<\/p>\n","protected":false},"author":1,"featured_media":0,"parent":374,"menu_order":0,"comment_status":"closed","ping_status":"closed","template":"","meta":{"ngg_post_thumbnail":0,"footnotes":""},"class_list":["post-412","page","type-page","status-publish","hentry"],"_links":{"self":[{"href":"https:\/\/familietraeff.haas-strahm.ch\/index.php\/wp-json\/wp\/v2\/pages\/412","targetHints":{"allow":["GET"]}}],"collection":[{"href":"https:\/\/familietraeff.haas-strahm.ch\/index.php\/wp-json\/wp\/v2\/pages"}],"about":[{"href":"https:\/\/familietraeff.haas-strahm.ch\/index.php\/wp-json\/wp\/v2\/types\/page"}],"author":[{"embeddable":true,"href":"https:\/\/familietraeff.haas-strahm.ch\/index.php\/wp-json\/wp\/v2\/users\/1"}],"replies":[{"embeddable":true,"href":"https:\/\/familietraeff.haas-strahm.ch\/index.php\/wp-json\/wp\/v2\/comments?post=412"}],"version-history":[{"count":9,"href":"https:\/\/familietraeff.haas-strahm.ch\/index.php\/wp-json\/wp\/v2\/pages\/412\/revisions"}],"predecessor-version":[{"id":819,"href":"https:\/\/familietraeff.haas-strahm.ch\/index.php\/wp-json\/wp\/v2\/pages\/412\/revisions\/819"}],"up":[{"embeddable":true,"href":"https:\/\/familietraeff.haas-strahm.ch\/index.php\/wp-json\/wp\/v2\/pages\/374"}],"wp:attachment":[{"href":"https:\/\/familietraeff.haas-strahm.ch\/index.php\/wp-json\/wp\/v2\/media?parent=412"}],"curies":[{"name":"wp","href":"https:\/\/api.w.org\/{rel}","templated":true}]}}