{"id":2,"date":"2021-12-05T14:04:24","date_gmt":"2021-12-05T13:04:24","guid":{"rendered":"https:\/\/familietraeff.haas-strahm.ch\/?page_id=2"},"modified":"2021-12-05T14:19:58","modified_gmt":"2021-12-05T13:19:58","slug":"aktuell","status":"publish","type":"page","link":"https:\/\/familietraeff.haas-strahm.ch\/","title":{"rendered":"Home"},"content":{"rendered":"\n<p><strong>Herzlich Willkommen auf unserer neuen Homepage<\/strong><\/p>\n\n\n\n<p>Hier erfahren Sie laufend das Neuste aus unserem Verein. Sie k\u00f6nnen entnehmen, wann der n\u00e4chste Schnuppernachmittag f\u00fcr die Spielgruppe in Sumiswald oder Wasen stattfindet, ob es noch freie Pl\u00e4tze f\u00fcr einen Kurs hat oder ob eine Veranstaltung wie der &#8222;R\u00e4beliechtli-Umzug&#8220; stattfindet oder nicht. <\/p>\n\n\n\n<p>Neu bieten wir Ihnen eine Plattform <strong>&#8222;Suchen &#8211; Tauschen &#8211; Verkaufen<\/strong>&#8222;. Wenn Sie z.B. am Estrich aufr\u00e4umen sind und guterhaltene Spielsachen, Kleider oder \u00e4hnliches zum Verkauf haben oder suchen, senden Sie uns  eine e-Mail mit Ihrem Inserat. Schauen Sie hier regelm\u00e4ssig vorbei &#8211; es lohnt sich!<\/p>\n\n\n\n<p>F\u00fcr weiter Ideen, Anregungen oder einfach um Hallo zu sagen, wir freuen uns auf Sie.<\/p>\n\n\n\n<p><strong>Verein Familie-Tr\u00e4ff Sumiswald-Wasen<\/strong><\/p>\n\n\n\n<p><\/p>\n\n\n\n<div class=\"wp-block-media-text alignwide is-stacked-on-mobile\" style=\"grid-template-columns:15% auto\"><figure class=\"wp-block-media-text__media\"><img loading=\"lazy\" decoding=\"async\" width=\"189\" height=\"300\" src=\"https:\/\/familietraeff.haas-strahm.ch\/wp-content\/uploads\/2021\/12\/Samichlaus_AdobeStock_17002940-189x300.png\" alt=\"\" class=\"wp-image-1113 size-medium\"\/><\/figure><div class=\"wp-block-media-text__content\">\n<p class=\"has-vivid-red-color has-text-color has-normal-font-size\"><strong>Samichlaus im Wald &amp; Hausbesuche: Covid-Info<\/strong><\/p>\n\n\n\n<p>Outdooranlass ohne Maskenpflicht. Wir empfehlen allen Personen ab 12 Jahren das Tragen einer Maske, sobald der Mindestabstand nicht eingehalten werden kann.<br>Wir w\u00fcnschen allen Kindern und Familien viel Freude beim Samichlaus!<\/p>\n<\/div><\/div>\n","protected":false},"excerpt":{"rendered":"<p>Herzlich Willkommen auf unserer neuen Homepage Hier erfahren Sie laufend das Neuste aus unserem Verein. Sie k\u00f6nnen entnehmen, wann der<\/p>\n","protected":false},"author":7,"featured_media":0,"parent":0,"menu_order":0,"comment_status":"closed","ping_status":"closed","template":"","meta":{"ngg_post_thumbnail":0,"footnotes":""},"class_list":["post-2","page","type-page","status-publish","hentry"],"_links":{"self":[{"href":"https:\/\/familietraeff.haas-strahm.ch\/index.php\/wp-json\/wp\/v2\/pages\/2","targetHints":{"allow":["GET"]}}],"collection":[{"href":"https:\/\/familietraeff.haas-strahm.ch\/index.php\/wp-json\/wp\/v2\/pages"}],"about":[{"href":"https:\/\/familietraeff.haas-strahm.ch\/index.php\/wp-json\/wp\/v2\/types\/page"}],"author":[{"embeddable":true,"href":"https:\/\/familietraeff.haas-strahm.ch\/index.php\/wp-json\/wp\/v2\/users\/7"}],"replies":[{"embeddable":true,"href":"https:\/\/familietraeff.haas-strahm.ch\/index.php\/wp-json\/wp\/v2\/comments?post=2"}],"version-history":[{"count":16,"href":"https:\/\/familietraeff.haas-strahm.ch\/index.php\/wp-json\/wp\/v2\/pages\/2\/revisions"}],"predecessor-version":[{"id":1121,"href":"https:\/\/familietraeff.haas-strahm.ch\/index.php\/wp-json\/wp\/v2\/pages\/2\/revisions\/1121"}],"wp:attachment":[{"href":"https:\/\/familietraeff.haas-strahm.ch\/index.php\/wp-json\/wp\/v2\/media?parent=2"}],"curies":[{"name":"wp","href":"https:\/\/api.w.org\/{rel}","templated":true}]}}